*m + 5*d - 13. What is the remainder when 89 is divided by m?
13
Let u = -44 + 29. What is the remainder when 10/(-4)*222/u is divided by 13?
11
Let s(u) = -26*u + 11. Let w be s(-3). Suppose n = -v + 21, 0*v + 3*n = 5*v - w. What is the remainder when 56 is divided by v?
18
Suppose -11*q = 2 - 24. Suppose c = -q*c + 15, -k = -5*c. What is the remainder when k is divided by 19?
6
Let w(n) = -8*n**3 - n**2 - n - 1. Suppose -805*k = -801*k - 44. Calculate the remainder when w(-2) is divided by k.
6
Let x(t) = -t**3 - 4*t**2 - 5*t - 4. Let m(z) = z**3 - z**2 - z - 4. Let n be m(0). What is the remainder when 62 is divided by x(n)?
14
Let i = -267 - -312. Calculate the remainder when 268 is divided by i.
43
Let k(a) = 3*a - 15. Let b be k(6). Let n = b + 0. Let y(f) = 3*f**3 - f**2 + 1. Calculate the remainder when n is divided by y(1).
0
Suppose -2*i + 4*i = 416. Suppose -7*x = -163 - i. What is the remainder when 210 is divided by x?
51
Let w be -5*((-8)/(-20) - 4). Let a = w + -12. Let x(u) = u**2 - 3*u + 4. What is the remainder when x(a) is divided by 9?
4
Let l(q) = -3*q. Calculate the remainder when 3/(3/23) - (11 - 9) is divided by l(-3).
3
Let x(v) = v**3 - 8*v**2 + 9*v + 1. Let r(h) = -h**2 + 18*h + 7. Let j be r(18). Calculate the remainder when 59 is divided by x(j).
14
Suppose -607*o = -610*o + 6. Let a be 2/(-6) + 10/3. Suppose -d = -a*d + o*k + 14, d - 15 = 5*k. What is the remainder when d is divided by 4?
1
Let c = 163 + -133. What is the remainder when 50 is divided by c?
20
Suppose 2*j + 32 = 6*j. Let d(l) = -l**3 + 2*l**2 + 4*l + 5. Calculate the remainder when d(-3) is divided by j.
6
What is the remainder when 7/231*2469 - 4/(-22) is divided by 38?
37
Let r be 4/(-14) + (-74)/(-14). Let k = 14 + -14. Suppose -r*i + 287 - 2 = k. What is the remainder when i is divided by 20?
17
Suppose -15*l + 12*l = -15. Suppose 4*s - 5 = -2*h + 41, 4*s - 3*h - 21 = 0. Let q = 5 + s. What is the remainder when q is divided by l?
4
Suppose -3*a - 5*k + 16 = -106, 2*k = 5*a - 255. Let w(j) = 3*j**2 - 10*j - 11. What is the remainder when w(9) is divided by a?
44
Suppose -248*w + 16 = -247*w. What is the remainder when 105 is divided by w?
9
Suppose -4*d - 20 = -40. Suppose 6*z - d*z - 9 = 0. Calculate the remainder when 17 is divided by z.
8
Let z(d) = 86*d**2 + 34*d - 36. Suppose -4*a + 112 = -w, a - w - 41 = -4*w. Calculate the remainder when z(1) is divided by a.
26
Let z(q) be the first derivative of -q**4/4 + q**3/3 + 3*q**2 + 3*q + 10. Calculate the remainder when z(-4) is divided by 31.
28
Let d(z) = -48*z + 12. Let k be d(3). Let r = k - -202. What is the remainder when r is divided by 37?
33
Let g(r) = -43*r**3 + 3*r**2 - 2*r - 3. What is the remainder when 128 is divided by g(-1)?
38
What is the remainder when ((-5)/1)/1*(-50 - -36) is divided by 16?
6
Let x(f) = 4*f - 24. Let q be x(10). Let c = q + 25. Calculate the remainder when c is divided by 22.
19
Let m(a) = a**2 - 7*a - 29. Suppose 3*j + 189 - 225 = 0. What is the remainder when m(j) is divided by 11?
9
Let h be 4/(-22) + (-105)/(-33). Let u be (-286)/6 - h/9. Calculate the remainder when 18 is divided by u/(-5) + (-10)/(-25).
8
Let q(m) = m**3 + 7*m**2 - 2*m - 6. Let d = 5 - 2. Suppose 4*i - 24 = d*u + 63, 83 = 4*i + u. What is the remainder when i is divided by q(-7)?
5
What is the remainder when 212 is divided by -1*(-6 - -7 - 4) - 0?
2
Suppose 7*a + 8 = 5*a. Let k = a + 20. What is the remainder when k is divided by 9?
7
Suppose -2*x + 48 = 2*r, -5*x - 3*r = -76 - 48. What is the remainder when 47 is divided by x?
21
Suppose 4*j = 44 + 60. Suppose -z - w = -3*z, 4*w - j = -5*z. Suppose z*o - 76 = -2*o. What is the remainder when 37 is divided by o?
18
Let d = 3 + 0. Let j = -20 - d. Let x = -13 - j. What is the remainder when 39 is divided by x?
9
Suppose 5*s = -3*b + 1380, 4*b - 1872 = 24*s - 20*s. What is the remainder when b is divided by 39?
36
Let i(p) = p**3 + 12*p**2 + 9*p - 5. Let s be i(-10). Let f = s - 91. Calculate the remainder when 96 is divided by f.
12
Let u = 209 + -157. Calculate the remainder when 101 is divided by u.
49
Suppose -4*f = -f. Suppose 5*s = -f*s + 295. Suppose 5*i - 3*p = 2*i + 24, -2*i + 20 = -p. Calculate the remainder when s is divided by i.
11
Suppose 25*i - 24*i - 3 = 0. Let z(g) = g**3 + 5*g**2 - 8*g - 1. Calculate the remainder when z(-6) is divided by i.
2
Let v = -13 - -18. Suppose -v*x - l = -21 - 5, -2*l + 2 = 0. Calculate the remainder when x is divided by 1.
0
What is the remainder when 45 is divided by (0 - (-8)/6)*2079/154?
9
Let o be 57*(-2 - 12/(-9)). Let m = o + 71. What is the remainder when ((-20)/(-15))/((-24)/(-2358)) is divided by m?
32
Let y(r) = 88*r - 31. Let w be y(4). Let i = -168 + w. Calculate the remainder when i is divided by 13.
10
Suppose 4 = -82*s + 86*s. Calculate the remainder when 3 is divided by s.
0
Let h = 3 + -3. Let n = 44 + -14. What is the remainder when n is divided by (-1 - (-51)/3) + h?
14
Suppose -3*m - 17 = -53. Let u = 1206 + -1148. Calculate the remainder when u is divided by m.
10
Let h(j) = -j**2 - j - 1. Let q(x) = 5*x**2 - 16*x - 13. Let b(g) = -4*h(g) - q(g). What is the remainder when b(13) is divided by 22?
20
What is the remainder when (-3)/(13620/1947 - 7) is divided by 21?
19
Let g(o) = 4*o - 21. Let n be g(-9). What is the remainder when 62 is divided by (n + 17)*(-2)/5?
14
Let p = 81 - 76. What is the remainder when 12 is divided by p/(-10)*4 + 7?
2
Suppose 0 = -4*a + 26 + 30. Suppose -a = z - 2. What is the remainder when 65 is divided by (-210)/z - (-2)/(-4)?
14
Let w(q) = -137*q - 2. Let g(x) = -68*x - 1. Let k(f) = 13*g(f) - 6*w(f). Let o be k(-2). Calculate the remainder when (o/9 - 1)*6 is divided by 26.
24
Suppose -j + 2*p + 265 = 0, -3*p = j - 2*j + 266. Calculate the remainder when j is divided by 22.
21
Suppose 5*j - 237 = 4*p, 2*j + p - 100 = -0*p. Calculate the remainder when 243 is divided by j.
47
Suppose 0 = t - 0*z - z - 143, z + 437 = 3*t. Suppose -190 = p - 5*p + 2*x, 3*x = 3*p - t. What is the remainder when p is divided by 16?
14
Let b(q) = -6*q - 1. Let r be 66/(-5) + (-1)/(-5). What is the remainder when b(r) is divided by 26?
25
What is the remainder when (-2154)/(-26) - ((-12)/39)/2 is divided by 21?
20
Let o = -38 - -8. Let b be o/(-12)*16/5. Suppose -b = -h - 4. What is the remainder when 5 is divided by h?
1
Suppose 4*f + 3*s = 402, -4*s - 487 = 5*f - 10*f. What is the remainder when f is divided by 29?
12
Suppose 82650 = 4*w + w. Suppose 3*r - w = -2*r. What is the remainder when r/42 + (-4)/(-14) is divided by 27?
25
Let u = -7 - -17. Let p(f) = 6*f**2 + f - 3. What is the remainder when p(-4) is divided by u?
9
Let r = -59 - -70. What is the remainder when 96 is divided by r?
8
Let w(y) = -5*y**2 + 2*y - 5. Let s be w(6). Suppose 3*t - 438 = 5*r, 0 = -t - t - 8. Let g = r - s. What is the remainder when g is divided by 28?
27
Let x(s) = s**3 - 18*s**2 - 18*s + 1. Let r be x(19). Let z = r - 2. What is the remainder when 35 is divided by z?
17
Let x(b) = 11*b + 37. Let a be x(-8). Let p = a - -56. Calculate the remainder when 19 is divided by p.
4
Suppose 4*t - 29 = -9. What is the remainder when 6 + 1 + (-4 - -4) is divided by t?
2
Suppose 5*y = -2*i - 2, -53 = 5*y - 33. What is the remainder when 277 is divided by i?
7
Suppose 2*m + 2*r - 1 = 5*r, -r - 1 = -m. Suppose -m*d + 80 = 2*t - 0*t, -2*t - 3*d + 83 = 0. What is the remainder when t is divided by 10?
7
Let l = 201 + -196. Calculate the remainder when 42 is divided by l.
2
Suppose -7*w - 71 = -134. Calculate the remainder when 50 is divided by w.
5
Let w = 1960 + -1796. Calculate the remainder when w is divided by 10.
4
Suppose -7*x = -4*x - 411. Suppose -x - 58 = -5*o. What is the remainder when 114 is divided by o?
36
Let x = 13 - -186. What is the remainder when x is divided by 50?
49
What is the remainder when ((-42)/(-210))/(1/695) is divided by 55?
29
Let u(n) = -264*n - 2105. Calculate the remainder when 1/(-5) + 101/5 is divided by u(-8).
6
Let k(b) = -11*b - 19. What is the remainder when 174 is divided by k(-4)?
24
Calculate the remainder when 652/14 + 6/14 is divided by 6.
5
Let u(v) = 36*v**2 - 3*v + 1. Let i be u(1). Calculate the remainder when 287 is divided by i + 0 - (3